6, what is -23 - -6?
-1d
In base 14, what is 2 - 200?
-1dc
In base 12, what is 6a7 + 5?
6b0
In base 6, what is 112 - 5?
103
In base 12, what is -7 + -60?
-67
In base 2, what is 1010111 + -111?
1010000
In base 13, what is -633 + -2?
-635
In base 10, what is -5 - -61?
56
In base 16, what is ef - 35?
ba
In base 15, what is -a + b5?
aa
In base 9, what is -14 - -8?
-5
In base 13, what is 5 + -a?
-5
In base 8, what is 15 - 526?
-511
In base 5, what is 1310 - -1?
1311
In base 6, what is 404 - 100?
304
In base 11, what is -15 - 16?
-30
In base 6, what is 324 + -110?
214
In base 11, what is 17 + -1a?
-3
In base 9, what is 5 + 2473?
2478
In base 8, what is 5 - -4573?
4600
In base 14, what is 1d - -11?
30
In base 14, what is -3 - 1241?
-1244
In base 5, what is -22 - -3?
-14
In base 8, what is -4 + -213?
-217
In base 14, what is 59 - a?
4d
In base 7, what is -54 + 1300?
1213
In base 12, what is -64 - 6a?
-112
In base 16, what is -5b + 15?
-46
In base 9, what is -1123 + 2?
-1121
In base 13, what is -69a + 4?
-696
In base 11, what is -4a68 + 0?
-4a68
In base 5, what is 13320 - 10?
13310
In base 2, what is -101110000 + -1000?
-101111000
In base 2, what is 100001011 - 11?
100001000
In base 11, what is -40 + -1?
-41
In base 10, what is -9 + 13?
4
In base 12, what is 1 + 58?
59
In base 6, what is -105 - 20?
-125
In base 3, what is -12 - -1111?
1022
In base 13, what is 5 - 133?
-12b
In base 10, what is -1 + -76?
-77
In base 12, what is 37 - -11?
48
In base 7, what is -412 - -3?
-406
In base 15, what is -4 + -65?
-69
In base 12, what is 14 + -5?
b
In base 3, what is 20 + -120022?
-120002
In base 4, what is 22123 + 10?
22133
In base 13, what is -11 + -172?
-183
In base 8, what is -2433 - -1?
-2432
In base 16, what is 4b2d + -5?
4b28
In base 8, what is -557 + 4?
-553
In base 9, what is 50 + 4?
54
In base 5, what is -14 + -342?
-411
In base 4, what is -132 + -12001?
-12133
In base 10, what is -5 - 214?
-219
In base 16, what is -6 - ed?
-f3
In base 3, what is 11 - 2010?
-1222
In base 7, what is 12 - -24?
36
In base 16, what is 1c - -19?
35
In base 7, what is -1301 + -6?
-1310
In base 11, what is -9 - 282?
-290
In base 16, what is 7 - 9?
-2
In base 7, what is 26 + -3?
23
In base 16, what is 132 + -7?
12b
In base 8, what is -105 + -43?
-150
In base 7, what is 2 + -23155?
-23153
In base 5, what is 10 - -214?
224
In base 14, what is -5 + -24?
-29
In base 8, what is -10 + 53?
43
In base 12, what is -13 - -17?
4
In base 6, what is 224 - -2?
230
In base 14, what is 1 - -629?
62a
In base 15, what is -10 + 9?
-6
In base 6, what is -2 - 10?
-12
In base 9, what is -1 - 1782?
-1783
In base 12, what is -3 + -5?
-8
In base 15, what is 26 + -b?
1a
In base 5, what is 0 - 114210?
-114210
In base 5, what is -44 + 3?
-41
In base 11, what is 1 - -84?
85
In base 2, what is 1111010111 + 100?
1111011011
In base 8, what is -54 + 43?
-11
In base 12, what is -916 - 2?
-918
In base 15, what is 266 - -12?
278
In base 15, what is -6 - 11?
-17
In base 15, what is 8 - 2e3?
-2da
In base 11, what is -398 + 2?
-396
In base 5, what is 4 - -1333?
1342
In base 6, what is 4 + -105?
-101
In base 13, what is 11 + 0?
11
In base 10, what is 15 + 43?
58
In base 12, what is -2 - 6a?
-70
In base 16, what is -5 - -ef1?
eec
In base 9, what is -3 - -167?
164
In base 6, what is 451444 + -4?
451440
In base 7, what is -33 + 24?
-6
In base 7, what is 1542 - -14?
1556
In base 8, what is -146 - 12?
-160
In base 6, what is -1 - 4531?
-4532
In base 13, what is -166b - 5?
-1673
In base 10, what is -4 - 66?
-70
In base 16, what is -3 - 95?
-98
In base 10, what is -1 + 141?
140
In base 7, what is 11151 + -5?
11143
In base 8, what is -4 - -1071?
1065
In base 16, what is 42 - 3?
3f
In base 9, what is -4 + -237?
-242
In base 11, what is 3 - -49?
51
In base 7, what is 23 - 26?
-3
In base 7, what is 3 + 2105?
2111
In base 13, what is 5 + -118b?
-1186
In base 4, what is -12132 - -3?
-12123
In base 8, what is 132 + -7?
123
In base 16, what is -30b - 10?
-31b
In base 3, what is -2 - 10010?
-10012
In base 12, what is 209a - -1?
209b
In base 5, what is -2010403 - 1?
-2010404
In base 3, what is 2101 - -110?
2211
In base 6, what is 434 + -1?
433
In base 15, what is -2 - -b?
9
In base 4, what is 2320 + -100?
2220
In base 13, what is 3 - -14?
17
In base 10, what is 1188 + 8?
1196
In base 14, what is -dc - 1?
-dd
In base 12, what is 2309 + 5?
2312
In base 7, what is -3 + -164?
-200
In base 10, what is -10 - 0?
-10
In base 3, what is 11 - -11120?
11201
In base 3, what is -12 - -2222?
2210
In base 9, what is 137 - 84?
43
In base 3, what is 11 - 21012?
-21001
In base 5, what is -3 - -223?
220
In base 2, what is 1110011110101 + 100?
1110011111001
In base 2, what is 101 - -1000011001?
1000011110
In base 3, what is 10 + -2?
1
In base 13, what is -37 + -11?
-48
In base 15, what is b44 + 0?
b44
In base 4, what is 231 - 131?
100
In base 14, what is -3 - b6?
-b9
In base 6, what is 2 + -321?
-315
In base 15, what is -b - -324?
318
In base 15, what is 34 + 16?
4a
In base 7, what is 34 - 14?
20
In base 4, what is 132 - -113?
311
In base 14, what is 7 + 31?
38
In base 13, what is 301 + -5?
2c9
In base 4, what is 10 - -313332?
320002
In base 2, what is 101100000100 + -10?
101100000010
In base 8, what is -2 - 342?
-344
In base 13, what is 5 + -17b8?
-17b3
In base 10, what is 4 + 442?
446
In base 3, what is -12121 - -2210?
-2211
In base 14, what is -2 - -82?
80
In base 8, what is 22 + -4?
16
In base 8, what is -1171 - -3?
-1166
In base 8, what is 20 - 61?
-41
In base 13, what is -2 + -1202?
-1204
In base 5, what is -331 - -1?
-330
In base 8, what is -5561 + -1?
-5562
In base 10, what is 20 - -5?
25
In base 6, what is 33352 + -3?
33345
In base 8, what is 230 - 3?
225
In base 10, what is -4434 - 3?
-4437
In base 8, what is -42 - 224?
-266
In base 15, what is -34 - 1d?
-52
In base 2, what is 1000011101100 + -101?
1000011100111
In base 9, what is -4 - -124?
120
In base 15, what is -6 - -106?
100
In base 4, what is 2 - -3103?
3111
In base 4, what is 332 + 10?
1002
In base 5, what is -21 + -10?
-31
In base 13, what is -64 + 19?
-48
In base 7, what is -4 - -10444?
10440
In base 6, what is -11 - 10?
-21
In base 11, what is 310 - 0?
310
In base 12, what is -924 + 0?
-924
In base 9, what is 622 - 5?
616
In base 5, what is -1 + -1402?
-1403
In base 3, what is -120 + -12?
-202
In base 16, what is -1 - -5?
4
In base 11, what is -104 + 6?
-a9
In base 14, what is 65 - -7?
6c
In base 9, what is -12 - -105?
83
In base 16, what is -8c + 7?
-85
In base 11, what is 5501 - -2?
5503
In base 4, what is -31012 - -2?
-31010
In base 13, what is -7 + -11c9?
-1203
In base 11, what is 146 + 1?
147
In base 2, what is 100 - 1010001010001?
-1010001001101
In base 4, what is 300112 + -3?
300103
In base 14, what is -25a6 - 3?
-25a9
In base 14, what is -10 - a?
-1a
In base 8, what is -2 - -1135?
1133
In base 16, what is 6 - -e?
14
In base 12, what is -2b + -39?
-68
In base 2, what is 1011011000 - 10?
1011010110
In base 16, what is 2b - -81?
ac
In base 3, what is -11 + -101200?
-101211
In base 8, what is 1 - -2?
3
In base 11, what is -519 + -1?
-51a
In base 10, what is 3 + 95?
98
In base 8, what is -105 + -3?
-110
In base 4, what is 11 - -1013?
1030
In base 15, what is -19d - 1b?
-1b9
In base 9, what is -15 + 1?
-14
In base 12, what is -5 - aa6?
-aab
In base 14, what is -10a - 5?
-111
In base 6, what is 0 + -123?
-123
In base 11, what is 6018 - 2?
6016
In base 2, what is -100 - 11011?
-11111
In base 14, what is -10 + 5?
-9
In base 15, what is -1 + c8?
c7
In base 4, what is 102 - 311?
-203
In base 12, what is -2 - b?
-11
In base 14, what is 2ab - 1?
2aa
In base 5, what is -2 + 21?
14
In base 11, what is -3 - -1926?
1923
In base 7, what is -133 + 46?
-54
In base 6, what is 152 - -11?
203
In base 2, what is 100111001 - -101?
100111110
In base 14, what is -1132 - 1?
-1133
In base 6, what is 31 - -14?
45
In base 5, what is -1234 - 4?
-1243
In base 2, what is 101000 - 1011?
11101
In base 6, what is 3 - -10151?
10154
In base 4, what is -2 + 31101?
31033
In base 14, what is -b6 + 3?
-b3
In base 5, what is 10121 + 4?
10130
In base 14, what is 4 + -268?
-264
In base 12, what is 4 - -391?
395
In base 4, what is 3 - 211?
-202
In base 8, what is 14 + 17?
33
In base 7, what is -3 - 100?
-103
In base 1